01100
In base 8, what is 1627 + -2?
1625
In base 15, what is -2296 + 5?
-2291
In base 6, what is -1 - 25?
-30
In base 16, what is -33 + 6?
-2d
In base 12, what is 3 - a42?
-a3b
In base 15, what is -27 + -3d?
-65
In base 15, what is 7 - a6?
-9e
In base 2, what is 1000 + -1000001?
-111001
In base 16, what is -4 - 307?
-30b
In base 5, what is 13104 - 3?
13101
In base 13, what is -4 + 18ab?
18a7
In base 13, what is 25a + -5?
255
In base 2, what is 10011 + 1101000?
1111011
In base 9, what is -1 - -1188?
1187
In base 14, what is -cb + -1?
-cc
In base 3, what is -2120 + 22?
-2021
In base 15, what is 18 - 5?
13
In base 2, what is 111010 + 111110111?
1000110001
In base 11, what is 5 - 209?
-204
In base 7, what is -406 + -4?
-413
In base 12, what is -38 + -279?
-2b5
In base 8, what is -2007 + 6?
-2001
In base 7, what is 5 + 616?
624
In base 11, what is -16 + -145?
-160
In base 3, what is -2100 + 0?
-2100
In base 16, what is 7 - 28?
-21
In base 9, what is -3 - 5020?
-5023
In base 8, what is -1 - 2644?
-2645
In base 12, what is 24 - 18?
8
In base 3, what is -202 - 1210022?
-1211001
In base 4, what is -31 - 1001?
-1032
In base 16, what is -3d - 4?
-41
In base 14, what is -68 + a?
-5c
In base 6, what is -2 - -112?
110
In base 9, what is 5 + -66?
-61
In base 10, what is -320 - -1?
-319
In base 7, what is -551 - -5?
-543
In base 16, what is 11 + -2c?
-1b
In base 2, what is 10 - -101011101?
101011111
In base 2, what is 10010 + -1110?
100
In base 2, what is 1010 + 100?
1110
In base 3, what is 112022002 + -12?
112021220
In base 16, what is 39 - 3f?
-6
In base 14, what is 2 - 10a9?
-10a7
In base 11, what is 8 + -163?
-156
In base 7, what is 0 + 251?
251
In base 11, what is 6248 - 3?
6245
In base 11, what is 17 - 44?
-28
In base 6, what is 5 + -10425?
-10420
In base 8, what is -17 - -31?
12
In base 14, what is 18 + -5a?
-42
In base 11, what is 393 + -2?
391
In base 3, what is 10 + -21020?
-21010
In base 13, what is -4 + 149?
145
In base 5, what is 1 + -1003?
-1002
In base 2, what is 101 + -10011000111?
-10011000010
In base 3, what is 1101211 - 0?
1101211
In base 12, what is -200 + 19?
-1a3
In base 7, what is -16 + -415?
-434
In base 9, what is -37 - 47?
-85
In base 15, what is -5 - -25?
20
In base 9, what is 2 - 10?
-7
In base 5, what is -43 - 20?
-113
In base 11, what is -2 + 66?
64
In base 15, what is 5 + -658?
-653
In base 15, what is 5c + b?
68
In base 16, what is b2b - -1?
b2c
In base 8, what is -23 + 11?
-12
In base 11, what is 912 + -2?
910
In base 13, what is -7 - -35?
2b
In base 8, what is 2 - 5666?
-5664
In base 8, what is 171 - -10?
201
In base 13, what is 103b + -4?
1037
In base 14, what is -151 + 17?
-138
In base 10, what is 20202 - 1?
20201
In base 15, what is 3 - 282?
-27e
In base 13, what is -2 - -c4?
c2
In base 5, what is -434 + 20?
-414
In base 4, what is -11 - -3001?
2330
In base 12, what is 4 + -45?
-41
In base 14, what is -5 + d8?
d3
In base 2, what is 111 + 10110110000?
10110110111
In base 3, what is -2 + -212?
-221
In base 10, what is -266 - 136?
-402
In base 11, what is -a4 - 2?
-a6
In base 11, what is -144 - 5?
-149
In base 9, what is 16 - 481?
-464
In base 4, what is 0 + -3?
-3
In base 15, what is 0 - 9bc?
-9bc
In base 13, what is -5 - -1a1a?
1a15
In base 8, what is -64711 + 0?
-64711
In base 11, what is -380 - -4?
-377
In base 7, what is -2 + -21540?
-21542
In base 16, what is -2c2 - -7?
-2bb
In base 3, what is 22122 + -1?
22121
In base 9, what is -13 - -4?
-8
In base 2, what is -101 - 11000101?
-11001010
In base 3, what is 20 - 22102?
-22012
In base 14, what is 2 - -7?
9
In base 7, what is 114 - 2?
112
In base 4, what is -32 + 122?
30
In base 9, what is -2 - 3155?
-3157
In base 9, what is 83 + -13?
70
In base 6, what is -11 + -55?
-110
In base 14, what is 1412 - 0?
1412
In base 9, what is -1 + 20?
18
In base 13, what is 2 + -414?
-412
In base 12, what is -4 + -699?
-6a1
In base 14, what is 1 + 2102?
2103
In base 8, what is -102 - 7?
-111
In base 13, what is -22 + -a?
-2c
In base 5, what is 442 - -10?
1002
In base 5, what is -20 - 123?
-143
In base 5, what is -120 - 2?
-122
In base 9, what is -2213 + 11?
-2202
In base 9, what is 0 - 134?
-134
In base 5, what is -1 + -12244?
-12300
In base 14, what is -1d - 4b?
-6a
In base 5, what is 0 - 224?
-224
In base 11, what is -6 + 13a?
134
In base 3, what is -111 + 10?
-101
In base 10, what is -19 - 66?
-85
In base 3, what is -12 - -101222220?
101222201
In base 7, what is -36242 + -4?
-36246
In base 10, what is -4 + -65?
-69
In base 8, what is 15 - -461?
476
In base 14, what is 2 - 2d?
-2b
In base 16, what is 4e - -3?
51
In base 3, what is -1212112 - -12?
-1212100
In base 13, what is -6 - -c?
6
In base 9, what is -6 - 18?
-25
In base 8, what is 10 - -12?
22
In base 6, what is 101 - -205?
310
In base 13, what is 21 - 8?
16
In base 3, what is 12022 + 2?
12101
In base 8, what is 5 - -37?
44
In base 11, what is -2 - -187?
185
In base 13, what is -779 + 1?
-778
In base 14, what is -1 + a6?
a5
In base 14, what is -c + a2?
94
In base 13, what is -19 - -39?
20
In base 3, what is 1012222 - 12?
1012210
In base 11, what is 1 - 26?
-25
In base 11, what is 8 - -7?
14
In base 9, what is 125 + 4?
130
In base 7, what is 6 + 1?
10
In base 14, what is -16a + 5?
-165
In base 2, what is 10001 + 1000?
11001
In base 13, what is 0 + -12?
-12
In base 6, what is -52 + -1?
-53
In base 12, what is -6 - 184?
-18a
In base 5, what is -3113 + 1?
-3112
In base 8, what is -4 + 331?
325
In base 11, what is -24a8 + 4?
-24a4
In base 9, what is 35 - -8?
44
In base 7, what is -6 - -6556?
6550
In base 14, what is -d - -15?
6
In base 7, what is -2 + 63?
61
In base 10, what is 5 + -26?
-21
In base 14, what is -1d + -10?
-2d
In base 2, what is -10 - 111100010111?
-111100011001
In base 15, what is 2b0 + -6?
2a9
In base 6, what is 0 - -4210?
4210
In base 8, what is 476 - -10?
506
In base 3, what is 1 - 111001000?
-111000222
In base 4, what is 1322 - -1?
1323
In base 15, what is 14 - 1?
13
In base 14, what is -9 - -1c6?
1bb
In base 14, what is 2d7 + -2?
2d5
In base 2, what is -110 - 0?
-110
In base 5, what is 133233 + 3?
133241
In base 14, what is -1 + 12?
11
In base 7, what is 11 + 416?
430
In base 16, what is 27 - -2a?
51
In base 2, what is -101 - 10001?
-10110
In base 12, what is -1 - a0?
-a1
In base 2, what is -1010 + 10?
-1000
In base 2, what is 111100010 - 11?
111011111
In base 15, what is -1cb + 3?
-1c8
In base 3, what is -22 + -10?
-102
In base 14, what is 13b - 5?
136
In base 12, what is 0 - 53?
-53
In base 13, what is -3 - -3b?
38
In base 8, what is 254 - 2?
252
In base 2, what is 100 + -1010?
-110
In base 11, what is 21 - 4?
18
In base 13, what is -3 - 770?
-773
In base 13, what is -105 - -3?
-102
In base 11, what is -19 - 5?
-23
In base 16, what is -4 + 28?
24
In base 14, what is -3 + 232?
22d
In base 12, what is -2587 + -1?
-2588
In base 12, what is 453 - 0?
453
In base 2, what is 1000001101010 + -101?
1000001100101
In base 12, what is 2559 + -3?
2556
In base 6, what is -4 + 340?
332
In base 5, what is -3 + 131?
123
In base 10, what is 455 - 3?
452
In base 3, what is 12 + 110110?
110122
In base 6, what is -32 - -332?
300
In base 10, what is 4528 + 5?
4533
In base 14, what is -5 + 67?
62
In base 9, what is 106 - -84?
201
In base 12, what is b0 + 3?
b3
In base 12, what is 0 - 54?
-54
In base 2, what is 10001101001111 - -11?
10001101010010
In base 11, what is 4 - 140?
-137
In base 12, what is 16a + -5?
165
In base 5, what is -3 + 33?
30
In base 13, what is -5 + -11c?
-124
In base 16, what is -1b2 - 2?
-1b4
In base 15, what is -1 + -128?
-129
In base 16, what is -1 + 8?
7
In base 2, what is 100 - -1000000001?
1000000101
In base 2, what is 101101 + 10110?
1000011
In base 9, what is -5 - -71?
65
In base 13, what is 17 + 12?
29
In base 7, what is 4 + -246?
-242
In base 10, what is 84 - 4?
80
In base 14, what is 1 - 3b?
-3a
In base 13, what is c - a?
2
In base 5, what is -13032 + 12?
-13020
In base 16, what is 20 - -9?
29
In base 14, what is 4 + -1558?
-1554
In base 2, what is 1000 + 1010011?
1011011
In base 16, what is -1 - -937?
936
In base 10, what is 2 + -1739?
-1737
In base 2, what is -11 - -101?
10
In base 5, what is -3332 + -2?
-3334
In base 15, what is -10b + 5?
-106
In base 15, what is 19 - 0?
19
In base 9, what is 25 - 11